{"id":1478,"date":"2023-01-11T14:26:48","date_gmt":"2023-01-11T14:26:48","guid":{"rendered":"https:\/\/dev.ffpe-toulouse.org\/?page_id=1478"},"modified":"2023-01-18T15:57:42","modified_gmt":"2023-01-18T15:57:42","slug":"transports","status":"publish","type":"page","link":"https:\/\/dev.ffpe-toulouse.org\/?page_id=1478","title":{"rendered":"Transports"},"content":{"rendered":"\n<div class=\"inherit-container-width is-layout-constrained wp-block-group\">\n<h1 class=\"has-white-color has-ast-global-color-0-background-color has-text-color has-background\" style=\"padding-top:var(--wp--preset--spacing--30);padding-right:var(--wp--preset--spacing--30);padding-bottom:var(--wp--preset--spacing--30);padding-left:var(--wp--preset--spacing--30)\">Transports<\/h1>\n\n\n\n<h2>Se d\u00e9placer sur Toulouse et l\u2019agglom\u00e9ration<\/h2>\n\n\n\n<p>Se rendre au travail, faire ses courses, amener ses enfants \u00e0 l\u2019\u00e9cole ou simplement se promener\u2026 autant de d\u00e9placements, petits ou grands, qui rythment votre quotidien.<\/p>\n\n\n\n<p>Pour les r\u00e9aliser, la voiture est encore le mode de transport privil\u00e9gi\u00e9 mais des modes de d\u00e9placement alternatifs \u00e0 la voiture, plus respectueux de l\u2019environnement, se sont intensifi\u00e9s et les moyens d\u2019acc\u00e8s simplifi\u00e9s.<\/p>\n\n\n\n<h3>Les transports en commun<\/h3>\n\n\n\n<ul>\n<li>Le r\u00e9seau urbain&nbsp;<a href=\"http:\/\/www.tisseo.fr\/\" target=\"_blank\" rel=\"noreferrer noopener\"><strong>Tiss\u00e9o<\/strong><\/a><strong>&nbsp;<\/strong>dessert 86 communes de la p\u00e9riph\u00e9rie toulousaine constituant le P\u00e9rim\u00e8tre des transports urbains toulousains (PTU). Bus, m\u00e9tro, tram, transports \u00e0 la demande (TAD), transports scolaires, Mobibus, navettes th\u00e9matiques : autant de moyens de d\u00e9placements mis \u00e0 votre disposition !<\/li>\n\n\n\n<li>Le r\u00e9seau&nbsp;<a href=\"https:\/\/www.haute-garonne.fr\/tarifs-et-infos-pratiques-du-reseau-lio-arc-en-ciel\" target=\"_blank\" rel=\"noreferrer noopener\"><strong>Arc en Ciel<\/strong><\/a>&nbsp;: r\u00e9seau de transport interurbain d\u00e9partemental qui dessert la p\u00e9riph\u00e9rie toulousaine et l\u2019ensemble du d\u00e9partement de la Haute-Garonne au d\u00e9part de la gare routi\u00e8re de Toulouse ou de stations de m\u00e9tro comme Borderouge.<\/li>\n\n\n\n<li>Le&nbsp;<strong>r\u00e9seau municipal de&nbsp;<a href=\"http:\/\/www.ville-colomiers.fr\/index.php\/Vie_quotidienne\/Bus_de_ville_gratuits?idpage=114&amp;idmetacontenu=\" target=\"_blank\" rel=\"noreferrer noopener\">Colomiers<\/a><\/strong>&nbsp;propose 8 lignes de bus gratuites internes \u00e0 la commune avec desserte de la gare et correspondance avec la ligne C.<\/li>\n\n\n\n<li>Le&nbsp;<strong>r\u00e9seau municipal de&nbsp;<a href=\"http:\/\/www.mairie-blagnac.fr\/transports-demande-municipaux-gratuits.html\" target=\"_blank\" rel=\"noreferrer noopener\">Blagnac<\/a><\/strong>, exploit\u00e9 en r\u00e9gie, offre 3 lignes de bus gratuites internes \u00e0 la commune.<\/li>\n<\/ul>\n\n\n\n<p>Certaines communes de l\u2019agglom\u00e9ration mettent \u00e9galement \u00e0 disposition&nbsp;<strong>des navettes internes gratuites<\/strong>&nbsp;: Castanet-Tolosan, Castelginest, Cugnaux, Ramonville-Saint-Agne, Tournefeuille.<\/p>\n\n\n\n<h3>La Carte Pastel<\/h3>\n\n\n\n<p>Carte de transport \u00e9lectronique qui facilite vos d\u00e9placements. Vous pouvez ainsi stocker et valider vos d\u00e9placements sur plusieurs r\u00e9seaux de transport en commun&nbsp;:<\/p>\n\n\n\n<ul>\n<li>Le r\u00e9seau urbain Tiss\u00e9o<\/li>\n\n\n\n<li>Le r\u00e9seau interurbain Arc en Ciel<\/li>\n\n\n\n<li>Le r\u00e9seau des TER et des cars r\u00e9gionaux (mise en service progressive).<\/li>\n<\/ul>\n\n\n\n<p>La carte vaut 6 euros (elle est gratuite pour les usagers qui b\u00e9n\u00e9ficient de la gratuit\u00e9 des transports).<\/p>\n\n\n\n<div class=\"inherit-container-width is-layout-constrained wp-block-group\">\n<p>Le rechargement de la carte Pastel s\u2019effectue&nbsp;aux :<\/p>\n\n\n\n<ul>\n<li>bornes ou guichets&nbsp;<a href=\"http:\/\/www.tisseo.fr\/les-tarifs\/obtenir-une-carte-pastel\" target=\"_blank\" rel=\"noreferrer noopener\">Tisseo<\/a><\/li>\n\n\n\n<li>guichets \u201cInformations \u2013 Billetterie\u201d de la Gare Routi\u00e8re \u00e0 Toulouse ainsi qu\u2019\u00e0 bord des cars pour&nbsp;<a href=\"https:\/\/www.haute-garonne.fr\/proximite\/au-quotidien\/reseau-des-cars-lio-arc-en-ciel\" target=\"_blank\" rel=\"noreferrer noopener\">le r\u00e9seau Arc-en-Ciel<\/a>&nbsp;du Conseil G\u00e9n\u00e9ral<\/li>\n\n\n\n<li>bornes et guichets SNCF pour&nbsp;<a href=\"https:\/\/www.ter.sncf.com\/occitanie\/gares\/carte-reseau\" target=\"_blank\" rel=\"noreferrer noopener\">le r\u00e9seau TER<\/a>&nbsp;du Conseil r\u00e9gional.<\/li>\n<\/ul>\n<\/div>\n\n\n\n<p>Vous b\u00e9n\u00e9ficiez de la gratuit\u00e9 des transports, les conditions pour recharger votre carte Pastel sont dans la rubrique \u00ab&nbsp;<a href=\"https:\/\/ffpe-toulouse.org\/gratuite-des-transports\/\">Gratuit\u00e9 des transports<\/a>&nbsp;\u00bb.<\/p>\n\n\n\n<p>Vous avez moins de 26 ans, profitez du tarif jeunes du r\u00e9seau Tisseo&nbsp;: trajet illimit\u00e9 pour 15 \u20ac \/ mois avec la carte Pastel.<\/p>\n\n\n\n<h3>Utilisez des modes de d\u00e9placements alternatifs !<\/h3>\n\n\n\n<p>Pour&nbsp;<strong><a href=\"https:\/\/ffpe-toulouse.org\/transports-alternatifs\/\">se d\u00e9placer autrement<\/a><\/strong>&nbsp;: v\u00e9lo, covoiturage, partage de voiture, de nouvelles fa\u00e7ons de se d\u00e9placer, plus respectueuses de l\u2019environnement,<strong>&nbsp;<\/strong>qui repr\u00e9sente un compl\u00e9ment efficace aux autres modes de transport public.<\/p>\n\n\n\n<p><strong>Transport Solidaire<\/strong>&nbsp;: La r\u00e9gie de quartier Bellefontaine-Services a mis en place&nbsp;<a href=\"https:\/\/www.bellefontaine-milan.org\/regie-de-quartier-bellefontaine-services\/\">un service de transport solidaire<\/a>&nbsp;\u00e0 la demande. Il s\u2019adresse \u00e0 toutes personnes et associations r\u00e9sidant sur Bellefontaine.<\/p>\n\n\n\n<h3>Pour les personnes se d\u00e9pla\u00e7ant en voiture\u2026<\/h3>\n\n\n\n<p>Le site&nbsp;<a href=\"http:\/\/www.toulouse-deplacements.com\/1_accueil.php\" target=\"_blank\" rel=\"noreferrer noopener\"><strong>Toulouse d\u00e9placements<\/strong><\/a>&nbsp;: propose une information sur les conditions de circulation routi\u00e8re : restrictions et fermetures d\u2019axes routiers pour travaux, les accidents, bouchons et autres incidents susceptibles de ralentir la circulation.<\/p>\n<\/div>\n","protected":false},"excerpt":{"rendered":"<p>Transports Se d\u00e9placer sur Toulouse et l\u2019agglom\u00e9ration Se rendre au travail, faire ses courses, amener ses enfants \u00e0 l\u2019\u00e9cole ou simplement se promener\u2026 autant de d\u00e9placements, petits ou grands, qui rythment votre quotidien. Pour les r\u00e9aliser, la voiture est encore le mode de transport privil\u00e9gi\u00e9 mais des modes de d\u00e9placement alternatifs \u00e0 la voiture, plus &hellip;<\/p>\n<p class=\"read-more\"> <a class=\"\" href=\"https:\/\/dev.ffpe-toulouse.org\/?page_id=1478\"> <span class=\"screen-reader-text\">Transports<\/span> Lire la suite\u00a0\u00bb<\/a><\/p>\n","protected":false},"author":2,"featured_media":0,"parent":0,"menu_order":0,"comment_status":"closed","ping_status":"closed","template":"","meta":{"site-sidebar-layout":"default","site-content-layout":"default","ast-global-header-display":"","ast-main-header-display":"","ast-hfb-above-header-display":"","ast-hfb-below-header-display":"","ast-hfb-mobile-header-display":"","site-post-title":"disabled","ast-breadcrumbs-content":"","ast-featured-img":"","footer-sml-layout":"","theme-transparent-header-meta":"","adv-header-id-meta":"","stick-header-meta":"","header-above-stick-meta":"","header-main-stick-meta":"","header-below-stick-meta":""},"yoast_head":"<!-- This site is optimized with the Yoast SEO plugin v20.0 - https:\/\/yoast.com\/wordpress\/plugins\/seo\/ -->\n<title>Transports - F\u00e9d\u00e9ration des Femmes pour l&#039;Europe<\/title>\n<meta name=\"robots\" content=\"index, follow, max-snippet:-1, max-image-preview:large, max-video-preview:-1\" \/>\n<link rel=\"canonical\" href=\"https:\/\/dev.ffpe-toulouse.org\/?page_id=1478\" \/>\n<meta property=\"og:locale\" content=\"fr_FR\" \/>\n<meta property=\"og:type\" content=\"article\" \/>\n<meta property=\"og:title\" content=\"Transports - F\u00e9d\u00e9ration des Femmes pour l&#039;Europe\" \/>\n<meta property=\"og:description\" content=\"Transports Se d\u00e9placer sur Toulouse et l\u2019agglom\u00e9ration Se rendre au travail, faire ses courses, amener ses enfants \u00e0 l\u2019\u00e9cole ou simplement se promener\u2026 autant de d\u00e9placements, petits ou grands, qui rythment votre quotidien. Pour les r\u00e9aliser, la voiture est encore le mode de transport privil\u00e9gi\u00e9 mais des modes de d\u00e9placement alternatifs \u00e0 la voiture, plus &hellip; Transports Lire la suite\u00a0\u00bb\" \/>\n<meta property=\"og:url\" content=\"https:\/\/dev.ffpe-toulouse.org\/?page_id=1478\" \/>\n<meta property=\"og:site_name\" content=\"F\u00e9d\u00e9ration des Femmes pour l&#039;Europe\" \/>\n<meta property=\"article:publisher\" content=\"https:\/\/www.facebook.com\/ffpe31\/\" \/>\n<meta property=\"article:modified_time\" content=\"2023-01-18T15:57:42+00:00\" \/>\n<meta name=\"twitter:card\" content=\"summary_large_image\" \/>\n<meta name=\"twitter:site\" content=\"@ffpe31\" \/>\n<meta name=\"twitter:label1\" content=\"Dur\u00e9e de lecture estim\u00e9e\" \/>\n\t<meta name=\"twitter:data1\" content=\"3 minutes\" \/>\n<script type=\"application\/ld+json\" class=\"yoast-schema-graph\">{\"@context\":\"https:\/\/schema.org\",\"@graph\":[{\"@type\":\"WebPage\",\"@id\":\"https:\/\/dev.ffpe-toulouse.org\/?page_id=1478\",\"url\":\"https:\/\/dev.ffpe-toulouse.org\/?page_id=1478\",\"name\":\"Transports - F\u00e9d\u00e9ration des Femmes pour l&#039;Europe\",\"isPartOf\":{\"@id\":\"https:\/\/dev.ffpe-toulouse.org\/#website\"},\"datePublished\":\"2023-01-11T14:26:48+00:00\",\"dateModified\":\"2023-01-18T15:57:42+00:00\",\"breadcrumb\":{\"@id\":\"https:\/\/dev.ffpe-toulouse.org\/?page_id=1478#breadcrumb\"},\"inLanguage\":\"fr-FR\",\"potentialAction\":[{\"@type\":\"ReadAction\",\"target\":[\"https:\/\/dev.ffpe-toulouse.org\/?page_id=1478\"]}]},{\"@type\":\"BreadcrumbList\",\"@id\":\"https:\/\/dev.ffpe-toulouse.org\/?page_id=1478#breadcrumb\",\"itemListElement\":[{\"@type\":\"ListItem\",\"position\":1,\"name\":\"Accueil\",\"item\":\"https:\/\/dev.ffpe-toulouse.org\/\"},{\"@type\":\"ListItem\",\"position\":2,\"name\":\"Transports\"}]},{\"@type\":\"WebSite\",\"@id\":\"https:\/\/dev.ffpe-toulouse.org\/#website\",\"url\":\"https:\/\/dev.ffpe-toulouse.org\/\",\"name\":\"F\u00e9d\u00e9ration des Femmes pour l'Europe\",\"description\":\"Association\",\"publisher\":{\"@id\":\"https:\/\/dev.ffpe-toulouse.org\/#organization\"},\"potentialAction\":[{\"@type\":\"SearchAction\",\"target\":{\"@type\":\"EntryPoint\",\"urlTemplate\":\"https:\/\/dev.ffpe-toulouse.org\/?s={search_term_string}\"},\"query-input\":\"required name=search_term_string\"}],\"inLanguage\":\"fr-FR\"},{\"@type\":\"Organization\",\"@id\":\"https:\/\/dev.ffpe-toulouse.org\/#organization\",\"name\":\"F\u00e9d\u00e9ration des Femmes pour l'Europe\",\"url\":\"https:\/\/dev.ffpe-toulouse.org\/\",\"logo\":{\"@type\":\"ImageObject\",\"inLanguage\":\"fr-FR\",\"@id\":\"https:\/\/dev.ffpe-toulouse.org\/#\/schema\/logo\/image\/\",\"url\":\"https:\/\/dev.ffpe-toulouse.org\/wp-content\/uploads\/2022\/10\/cropped-cropped-cropped-Logo_FFPE_haute-resolution-1-scaled-1.jpg\",\"contentUrl\":\"https:\/\/dev.ffpe-toulouse.org\/wp-content\/uploads\/2022\/10\/cropped-cropped-cropped-Logo_FFPE_haute-resolution-1-scaled-1.jpg\",\"width\":512,\"height\":438,\"caption\":\"F\u00e9d\u00e9ration des Femmes pour l'Europe\"},\"image\":{\"@id\":\"https:\/\/dev.ffpe-toulouse.org\/#\/schema\/logo\/image\/\"},\"sameAs\":[\"https:\/\/www.instagram.com\/ffpe31\/\",\"https:\/\/www.facebook.com\/ffpe31\/\",\"https:\/\/twitter.com\/ffpe31\"]}]}<\/script>\n<!-- \/ Yoast SEO plugin. -->","yoast_head_json":{"title":"Transports - F\u00e9d\u00e9ration des Femmes pour l&#039;Europe","robots":{"index":"index","follow":"follow","max-snippet":"max-snippet:-1","max-image-preview":"max-image-preview:large","max-video-preview":"max-video-preview:-1"},"canonical":"https:\/\/dev.ffpe-toulouse.org\/?page_id=1478","og_locale":"fr_FR","og_type":"article","og_title":"Transports - F\u00e9d\u00e9ration des Femmes pour l&#039;Europe","og_description":"Transports Se d\u00e9placer sur Toulouse et l\u2019agglom\u00e9ration Se rendre au travail, faire ses courses, amener ses enfants \u00e0 l\u2019\u00e9cole ou simplement se promener\u2026 autant de d\u00e9placements, petits ou grands, qui rythment votre quotidien. Pour les r\u00e9aliser, la voiture est encore le mode de transport privil\u00e9gi\u00e9 mais des modes de d\u00e9placement alternatifs \u00e0 la voiture, plus &hellip; Transports Lire la suite\u00a0\u00bb","og_url":"https:\/\/dev.ffpe-toulouse.org\/?page_id=1478","og_site_name":"F\u00e9d\u00e9ration des Femmes pour l&#039;Europe","article_publisher":"https:\/\/www.facebook.com\/ffpe31\/","article_modified_time":"2023-01-18T15:57:42+00:00","twitter_card":"summary_large_image","twitter_site":"@ffpe31","twitter_misc":{"Dur\u00e9e de lecture estim\u00e9e":"3 minutes"},"schema":{"@context":"https:\/\/schema.org","@graph":[{"@type":"WebPage","@id":"https:\/\/dev.ffpe-toulouse.org\/?page_id=1478","url":"https:\/\/dev.ffpe-toulouse.org\/?page_id=1478","name":"Transports - F\u00e9d\u00e9ration des Femmes pour l&#039;Europe","isPartOf":{"@id":"https:\/\/dev.ffpe-toulouse.org\/#website"},"datePublished":"2023-01-11T14:26:48+00:00","dateModified":"2023-01-18T15:57:42+00:00","breadcrumb":{"@id":"https:\/\/dev.ffpe-toulouse.org\/?page_id=1478#breadcrumb"},"inLanguage":"fr-FR","potentialAction":[{"@type":"ReadAction","target":["https:\/\/dev.ffpe-toulouse.org\/?page_id=1478"]}]},{"@type":"BreadcrumbList","@id":"https:\/\/dev.ffpe-toulouse.org\/?page_id=1478#breadcrumb","itemListElement":[{"@type":"ListItem","position":1,"name":"Accueil","item":"https:\/\/dev.ffpe-toulouse.org\/"},{"@type":"ListItem","position":2,"name":"Transports"}]},{"@type":"WebSite","@id":"https:\/\/dev.ffpe-toulouse.org\/#website","url":"https:\/\/dev.ffpe-toulouse.org\/","name":"F\u00e9d\u00e9ration des Femmes pour l'Europe","description":"Association","publisher":{"@id":"https:\/\/dev.ffpe-toulouse.org\/#organization"},"potentialAction":[{"@type":"SearchAction","target":{"@type":"EntryPoint","urlTemplate":"https:\/\/dev.ffpe-toulouse.org\/?s={search_term_string}"},"query-input":"required name=search_term_string"}],"inLanguage":"fr-FR"},{"@type":"Organization","@id":"https:\/\/dev.ffpe-toulouse.org\/#organization","name":"F\u00e9d\u00e9ration des Femmes pour l'Europe","url":"https:\/\/dev.ffpe-toulouse.org\/","logo":{"@type":"ImageObject","inLanguage":"fr-FR","@id":"https:\/\/dev.ffpe-toulouse.org\/#\/schema\/logo\/image\/","url":"https:\/\/dev.ffpe-toulouse.org\/wp-content\/uploads\/2022\/10\/cropped-cropped-cropped-Logo_FFPE_haute-resolution-1-scaled-1.jpg","contentUrl":"https:\/\/dev.ffpe-toulouse.org\/wp-content\/uploads\/2022\/10\/cropped-cropped-cropped-Logo_FFPE_haute-resolution-1-scaled-1.jpg","width":512,"height":438,"caption":"F\u00e9d\u00e9ration des Femmes pour l'Europe"},"image":{"@id":"https:\/\/dev.ffpe-toulouse.org\/#\/schema\/logo\/image\/"},"sameAs":["https:\/\/www.instagram.com\/ffpe31\/","https:\/\/www.facebook.com\/ffpe31\/","https:\/\/twitter.com\/ffpe31"]}]}},"_links":{"self":[{"href":"https:\/\/dev.ffpe-toulouse.org\/index.php?rest_route=\/wp\/v2\/pages\/1478"}],"collection":[{"href":"https:\/\/dev.ffpe-toulouse.org\/index.php?rest_route=\/wp\/v2\/pages"}],"about":[{"href":"https:\/\/dev.ffpe-toulouse.org\/index.php?rest_route=\/wp\/v2\/types\/page"}],"author":[{"embeddable":true,"href":"https:\/\/dev.ffpe-toulouse.org\/index.php?rest_route=\/wp\/v2\/users\/2"}],"replies":[{"embeddable":true,"href":"https:\/\/dev.ffpe-toulouse.org\/index.php?rest_route=%2Fwp%2Fv2%2Fcomments&post=1478"}],"version-history":[{"count":4,"href":"https:\/\/dev.ffpe-toulouse.org\/index.php?rest_route=\/wp\/v2\/pages\/1478\/revisions"}],"predecessor-version":[{"id":1656,"href":"https:\/\/dev.ffpe-toulouse.org\/index.php?rest_route=\/wp\/v2\/pages\/1478\/revisions\/1656"}],"wp:attachment":[{"href":"https:\/\/dev.ffpe-toulouse.org\/index.php?rest_route=%2Fwp%2Fv2%2Fmedia&parent=1478"}],"curies":[{"name":"wp","href":"https:\/\/api.w.org\/{rel}","templated":true}]}}